 = -6199 + 6239. What is the greatest common divisor of 256 and x?
8
Suppose -5*t - 391 = 19. Let w = -160 - -85. Let p = w - t. Calculate the greatest common factor of p and 7.
7
Let k be (-162)/378 - (4128/70)/((-2)/5). Let n = 46 - 4. What is the highest common factor of n and k?
21
Let k be (1 + -1)/(36 + -29). Suppose k = -183*z + 195*z - 120. What is the highest common divisor of z and 10?
10
Suppose 0 = -9*t + 17*t + 2496. Let j = 582 + t. Calculate the highest common divisor of 10 and j.
10
Let f be 29880/210 + (-4)/14. Suppose 0 = x - f - 43. What is the greatest common factor of x and 74?
37
Let g(n) = n**2 + 136*n + 58. Let b be g(0). What is the greatest common divisor of b and 4379?
29
Let x(k) = -117*k + 353. Let q be x(3). What is the highest common divisor of q and 193?
1
Suppose 20*u - 2465 - 198 = 1417. Calculate the highest common factor of 150 and u.
6
Let o(h) = 8190*h**2 + 19*h + 135. Let f be o(-3). Calculate the greatest common factor of 156 and f.
156
Let v = -1932 + 2692. Calculate the greatest common factor of 360 and v.
40
Suppose -154 = -157*y + 150*y. Let v be 0 + 462 + y/(-11). Calculate the highest common divisor of 276 and v.
92
Let n(r) = r**2 - 42*r - 245. Let x be n(49). Calculate the highest common factor of 1862 and x.
98
Let t(s) = -2*s - 2. Let i(o) = -4*o - 3. Let r(k) = 6*i(k) - 13*t(k). Let m = -229 + 237. Let p be r(m). Calculate the highest common factor of 16 and p.
8
Let a be -14 - (-79 - -4) - 1. Calculate the highest common factor of 114 and a.
6
Suppose 5407*k = 5504*k - 137061. Calculate the greatest common divisor of 628 and k.
157
Suppose -3*g - 129 = -g + l, 0 = -4*g + l - 267. Suppose 3*c + 80 = -2*a, 2*a = a - 3*c - 37. Let h = a - g. What is the greatest common factor of h and 46?
23
Suppose -5*v = -4*d + d - 510, -4*v + 5*d + 408 = 0. Let i = 717 - 462. What is the highest common divisor of i and v?
51
Let y = -9118 + 9459. What is the highest common factor of y and 99?
11
Let v = 22383 + -22373. What is the highest common factor of v and 205?
5
Let q = -6364 + 6378. What is the highest common divisor of q and 12082?
14
Let q = 305 + -287. Let o(i) = -i**2 + 25*i - 104. Let y be o(q). What is the greatest common factor of y and 286?
22
Let k be (4544/213)/((-2)/(-6)). Suppose 0 = k*v - 57*v - 420. What is the greatest common factor of 90 and v?
30
Suppose -3*u = -4*z - 8*u - 50, 4*u = -4*z - 52. Let f(j) = -2*j**2 - 19*j + 46. Let y be f(3). Let c = z - y. What is the highest common factor of c and 7?
7
Let m = -560 + 808. Let o be (-16)/((-56)/(-7)) + 33. What is the highest common divisor of m and o?
31
Suppose -44 = -4*f - 8. Suppose 0 = 17*m - 37 - 48. Suppose 3*j + 5*p = 3, -6*p + 3*p + m = 5*j. Calculate the highest common factor of f and j.
1
Suppose 4*u - 38 = -5*d, -4*d = -348*u + 353*u - 61. Calculate the highest common factor of 7055 and u.
17
Let h(s) = -s**3 + 10*s**2 + 11*s - 208. Let b be h(8). Suppose -q + 4*w = -132, -w + 0*w + 576 = 5*q. What is the greatest common divisor of q and b?
4
Let z(h) = -3*h**3 + 4*h**2 - 10*h - 44. Let w be z(-5). What is the greatest common factor of 208 and w?
13
Let c be 0 - 5/((-35)/1183). Suppose -1836 = -196*d + c*d. Calculate the greatest common factor of d and 24.
4
Let f(q) = q**3 + 16*q**2 + 13*q - 20. Let g be f(-15). Let j be 1/(12/g + -1). What is the greatest common factor of 55 and j?
5
Let n = 265 + -226. Calculate the highest common divisor of 195 and n.
39
Let w(v) = v**3 - 58*v**2 - 120*v + 48. Let h be w(60). What is the highest common divisor of h and 84?
12
Let t(o) = 2*o - 15. Let r be t(11). Suppose -r*z - 32 = z. Let m = z + 17. What is the greatest common divisor of 13 and m?
13
Let l be 661 - 45 - (-1 + 1). What is the highest common factor of 504 and l?
56
Let c = 2258 + -2170. Calculate the highest common factor of 374 and c.
22
Suppose 4*g = 3*b + 289, -4*g + 44*b = 39*b - 279. Calculate the highest common divisor of g and 6764.
76
Suppose -4*q - 100612 = -2*i, -5*i + 4203*q + 251439 = 4206*q. What is the highest common factor of i and 33?
33
Let j = 1006 + -926. Let x = 392 + -280. Calculate the highest common divisor of x and j.
16
Let c(r) = 21*r - 395. Let f(y) = 14*y - 263. Let d(l) = 5*c(l) - 8*f(l). Let i be d(6). Calculate the greatest common divisor of 319 and i.
29
Let x = -2754 - -12060. What is the greatest common factor of x and 9?
9
Suppose -2*g - 4*z + 14046 = -3*z, -2*g - 3*z + 14042 = 0. Let y be g/64 + (-2)/(-8). What is the highest common divisor of 275 and y?
55
Let v = 7 - 49. Let j be v/98 + (-62)/(-14). Suppose -47 = -14*s + 9. What is the highest common factor of j and s?
4
Suppose -543*l + 123*l - 4917144 = -17451624. What is the greatest common factor of l and 12?
12
Let a be -18*((-4)/7 + 2560/(-420)). Let f be (-2964)/(-9) + 6/9. Calculate the greatest common factor of f and a.
30
Let h = -319 - -157. Let m be ((-2)/3)/(4 + 646/h). Let s be -174*1*m/36. Calculate the highest common factor of s and 29.
29
Suppose -6*f - 550 + 5086 = 0. Suppose u = -c + f, 0 = -3*c - 11*u + 13*u + 2258. Calculate the greatest common divisor of c and 26.
26
Suppose 1935 - 6804 = -16*x + 10107. What is the highest common factor of 576 and x?
72
Let l(u) = 3*u**3 - 5*u**2 - 48*u + 216. Let t be l(6). Calculate the highest common factor of t and 108.
36
Let k be 6321/196 + (-14)/(-8). Calculate the highest common divisor of k and 12869.
17
Let b = -182 + 206. Suppose 240 = 6*d + b. What is the greatest common factor of d and 84?
12
Let o(b) = -2*b**2 + 16*b - 9. Let f be o(7). Suppose -f*g + 58 = -47. Let w be 29 + -30 + (-338)/(-2). What is the greatest common factor of g and w?
21
Suppose u - 7 = 4*f, -5 - 1 = -2*u. Let k = f + 51. Suppose 4*y - 130 + k = 0. What is the greatest common factor of 50 and y?
10
Let d(q) = 293*q - 24. Let v be d(-1). Let x = v - -452. What is the highest common divisor of 90 and x?
45
Let m(h) = 34*h - 30. Let a be m(-8). Let s = 458 + a. Calculate the greatest common factor of s and 26.
26
Let h(k) = 4*k + 3*k + 4*k - k + 12. Let y be h(5). Let v = 33 + -2. What is the highest common factor of v and y?
31
Let w be (1 + 1)*(3 - 1). Suppose -16*q + 36 = 52. Let o be (-1)/q*(396/9)/11. Calculate the highest common factor of w and o.
4
Let u = 477 + -452. Calculate the highest common factor of u and 3300.
25
Suppose 139568 = 274*d + 214*d. Calculate the greatest common factor of d and 37609.
143
Let y be (-2)/(-5)*125/150*1155/11. What is the highest common factor of 1939 and y?
7
Let u(y) = -5*y**3 + 44*y**2 - 19*y - 4. Let m be u(8). Calculate the highest common divisor of m and 4.
4
Let f(p) = 34*p**3 + 5*p**2 + 35*p - 80. Let a be f(6). What is the highest common divisor of 356 and a?
178
Let j be (-6580)/705*(-18)/4. What is the greatest common factor of 2254 and j?
14
Let i(q) be the second derivative of q**5/20 + q**4/6 - 3*q**3/2 + 11*q**2/2 - 73*q. Let p be i(2). Calculate the greatest common divisor of 81 and p.
9
Let n(y) = -y**2 - 15*y - 62. Let v be n(-7). Let a be (-4 + 1)/(5/530*v). Calculate the greatest common divisor of a and 106.
53
Let g(u) = -13*u + 41. Suppose -2*r = j - 10, -5*r - 2*j + 39 = 16. Let i be g(r). Calculate the greatest common divisor of i and 2.
2
Let d = -58225 + 115072. What is the greatest common factor of 21 and d?
21
Let g = 131 - 92. Suppose 121*k - 4137 - 10020 = 0. What is the greatest common factor of k and g?
39
Let z be 285/25 - -4 - (-2)/(-5). Let r be (-66 - -11)*(-93)/z. Calculate the greatest common divisor of r and 31.
31
Let q be 151 + 21/3 + (-3 - 3 - -5). What is the highest common factor of 3925 and q?
157
Let d be (0 - (0 + 0)) + 2 + 1. Suppose -h - w + 42 + 39 = 0, 0 = -2*h + d*w + 162. Calculate the highest common factor of h and 108.
27
Let t(a) = -33*a + 1099. Let j be t(32). What is the highest common divisor of 1204 and j?
43
Suppose -3*o = -9, -9*c + 36 = -12*c - 3*o. Let g(p) = p**2 + 6*p - 123. Let l be g(c). Calculate the highest common divisor of l and 228.
12
Let n be ((-2319)/(-24) - -5) + -5*6/(-80). Calculate the greatest common factor of n and 578.
34
Let n(v) = 5*v**2 - 10*v - 67. Let r be n(5). Let t be -1*(2 + -73) + 1. Calculate the greatest common divisor of r and t.
8
Let k(y) = -165*y - 2961. 